*(-2)/6. What is the highest common factor of g and 7?
7
Let h(c) = 2 - 4 - c + 1 + 22*c**2. Let s(w) = -w - 5. Let f be s(-4). Let p be h(f). Calculate the highest common factor of p and 55.
11
Suppose -4*o + 29 = -5*l - 78, -4*o + 113 = l. Calculate the greatest common divisor of o and 84.
28
Let h(w) = -6*w - 14. Let k be h(-9). Calculate the greatest common factor of k and 100.
20
Suppose 243 = 5*h - 2*j - 91, 0 = -3*h + j + 201. Let k = 220 - h. What is the greatest common divisor of 19 and k?
19
Suppose 0*i = 5*i - 210. Suppose -4*z - 4*v + 30 = -62, -6 = -3*v. Calculate the greatest common divisor of z and i.
21
Let v be 208/(-10) + 1/(-5). Let h = 35 + v. What is the highest common divisor of h and 14?
14
Let h(r) = -r**3 + 2*r**2 + 2*r + 4. Let q be h(3). Let c be 168 - (0 + -3)/q. What is the greatest common divisor of c and 19?
19
Let p be (-4)/18 - 39820/(-180). What is the greatest common divisor of p and 13?
13
Let c(j) = j**2 - 2*j - 14. Let t(i) = -4*i - 10. Let r be t(-4). Let u be c(r). What is the greatest common factor of 80 and u?
10
Suppose -13 = 6*w - 79. Calculate the greatest common factor of w and 33.
11
Let o(h) = -h**3 - h**2 + 10*h + 2. Let c be o(-4). Calculate the greatest common divisor of c and 40.
10
Let d(h) = h**3 + h**2 - h + 1. Let g be d(1). Suppose -g*b - 312 - 12 = 0. Let c = -90 - b. What is the greatest common factor of 8 and c?
8
Let m be -3*(32/4 + -2). Let o = m - -22. What is the greatest common divisor of o and 6?
2
Let f(q) = -4*q - 4. Let u be f(-4). Suppose -u = -b - 2*b. Calculate the highest common divisor of b and 28.
4
Let z(h) be the second derivative of -h**3/6 + 9*h**2/2 + 4*h. Let q be z(6). Calculate the greatest common factor of q and 9.
3
Let i be (1 - 26/(-4))/(2/24). What is the highest common factor of 60 and i?
30
Suppose -1 = m + 1. Let z be (-15)/6*m - 1. Suppose -z*d = d - 75. Calculate the highest common divisor of d and 5.
5
Suppose -1 = 3*w - 7. Suppose -w*d = -31 - 1. Calculate the greatest common divisor of d and 24.
8
Let z be (-12)/(-9)*-4*9/(-24). What is the highest common divisor of z and 34?
2
Let r(v) = -v. Let c(g) = -g**2 - 2*g + 4. Let z(t) = -c(t) - r(t). Let m be z(-5). Let i be 1 + 3*23/3. Calculate the greatest common factor of m and i.
6
Let v = 4 + 1. Suppose 5*b - 184 = -3*y, -2*b + 166 = 3*b - 3*y. Calculate the highest common factor of v and b.
5
Let t = -21 - -39. Calculate the greatest common divisor of t and 2.
2
Let p(b) = 5*b**3 - b**2 + b - 1. Let d(f) = 2*f - 8. Let m be d(7). Let t = -5 + m. Let y be p(t). Calculate the greatest common factor of y and 44.
4
Let f = -155 - -163. Let q(c) = c + 7. Let k be q(-6). Let s be 16 + -1 - (k + -2). What is the highest common divisor of f and s?
8
Suppose -9 = 4*h - 25. Suppose 0 = -5*q + h*b + 45, -4*q - 5*b - 5 = -0*b. Calculate the highest common factor of q and 25.
5
Suppose s = -b + 14, 0 = -s - 0*s + b + 10. What is the highest common factor of s and 108?
12
Let a be (-12 + 1)/(2/6). Let l = a + 66. Calculate the greatest common divisor of l and 11.
11
Let p = 2 - -143. Calculate the highest common factor of 29 and p.
29
Let q(i) = i**3 + 2*i**2 + i - 2. Let p be q(-2). Let a be 4/1*(-9)/p. Let g be (1/(-2))/(2/(-4)). Calculate the greatest common divisor of a and g.
1
Suppose 0 = 5*i, 3*b = 6*b - 2*i - 60. Let a(s) = 7*s - 7. Let f be a(5). Let l = 78 - f. What is the greatest common divisor of l and b?
10
Let b be -40*4*9/(-30). Suppose 2*i + 4*d = -10, 5*i - d + 79 = -1. Let g be 0 - (i + (-3)/3). Calculate the greatest common factor of b and g.
16
Suppose 0 = -3*m + 248 + 379. What is the greatest common divisor of 19 and m?
19
Let u(z) = 5*z - 2. Let d be u(2). Suppose 0 = -3*c, 3*c - 4*c - 128 = -2*w. What is the highest common divisor of w and d?
8
Suppose 0 = -4*v + 2*v + 72. Calculate the highest common factor of v and 24.
12
Suppose 0 = -7*h - 49 + 70. Calculate the highest common factor of h and 24.
3
Let t(m) = m**2 + 1. Let q(x) = 4*x**2 + 11*x - 15. Let o(d) = q(d) - 3*t(d). Let a be o(-13). What is the highest common factor of a and 12?
4
Suppose 4*m - 852 = 1084. What is the greatest common factor of 44 and m?
44
Let t be 3/9 + (-74)/6. Let f = -7 - t. Calculate the highest common divisor of 45 and f.
5
Let t be 1/(0 + 1/(-25)). Let i = 38 + t. Calculate the highest common factor of 143 and i.
13
Let v(t) = -3*t + 15. Let s be v(-19). What is the greatest common divisor of 6 and s?
6
Let x(j) = -11*j**3 + 3*j**2 + 3*j + 5. Let m be x(-2). Let a = 7 + -2. Suppose 2*w + 5*f = 13, 4 = f + a. Calculate the greatest common divisor of w and m.
9
Let u be 6*((-15)/(-6) + -2). Let h(b) = 374*b. Let w(p) = -25*p. Let z(o) = 3*h(o) + 44*w(o). Let c be z(u). What is the greatest common divisor of 6 and c?
6
Let v = -10 + 18. Suppose 2*z - v = -0. Let c = 29 - 17. What is the greatest common divisor of c and z?
4
Let a(o) = o + 13. Let i be a(0). What is the greatest common factor of 39 and i?
13
Suppose -5*z + 5*l = -35, -4*l = -3*z + 13 + 6. Suppose -z = -4*b + b. What is the greatest common factor of b and 1?
1
Let c = 56 - 15. What is the greatest common divisor of c and 246?
41
Let w(y) = y**2 - 9*y + 1. Let m be w(10). Let j = m - 9. Suppose 60 = 4*d - 4*x + x, 4 = x. What is the highest common factor of d and j?
2
Suppose -5*k + 3*k = -110. Suppose 3*i - 8 = -2. Suppose -i*s = -5*h - k, -2*h + 3 = -h. Calculate the highest common divisor of s and 14.
7
Suppose 3*c - 8 = 10. Let h(a) = a - 2. Let l be h(c). Calculate the highest common factor of l and 12.
4
Suppose -4*w + 0*q + 136 = 2*q, -5*w + 2*q + 170 = 0. Calculate the highest common divisor of w and 272.
34
Let k = 60 + -38. Calculate the highest common divisor of 22 and k.
22
Let x(i) = 9*i**2 + 9*i - 21. Let l(v) = -5*v**2 - 5*v + 11. Let n(f) = 7*l(f) + 4*x(f). Let j be n(6). Calculate the greatest common factor of 5 and j.
5
Suppose -b + 0*b = -5*w - 6, -4*b + w + 24 = 0. Calculate the greatest common factor of b and 12.
6
Let f = 6 + -6. Suppose -5*z + 2*q + 76 = f, 9*z - 4*z - 4*q = 82. Let d = 4 - -66. What is the greatest common factor of z and d?
14
Suppose w = -11 + 83. What is the greatest common factor of 8 and w?
8
Let s = -2 - -4. Let y = 14 + -4. Calculate the greatest common divisor of y and s.
2
Let g = -60 + 99. Suppose -c - 2*c = -g. What is the highest common divisor of c and 91?
13
Suppose -5*l = -0*l - 45. What is the highest common divisor of 72 and l?
9
Let t be 18/(-3) + 2 + 74. What is the highest common factor of 14 and t?
14
Let w be 4/(-3)*9/(-2). Let f(m) = m**3 - 3*m**2 + 2*m - 1. Let i be f(3). Suppose y + o - 3 - i = 0, -y = 3*o. Calculate the greatest common factor of w and y.
6
Let j(u) = 2*u + 14. Let g be j(-6). Suppose -3*v + 104 = 3*h + g*v, -5*h + 3*v = -128. Calculate the greatest common divisor of 112 and h.
28
Suppose -2*h + 7 + 15 = 0. Let o = 16 - 5. What is the highest common factor of h and o?
11
Suppose 4*m = m - 6. Let p be (6 + -11)/(m/10). What is the highest common factor of p and 10?
5
Let u(c) = c**3 - 5*c**2 + 2*c + 1. Let m be u(5). Calculate the greatest common divisor of m and 55.
11
Let w be ((-4)/(-10))/(2/20). Let c be (-54)/(-66) - w/(-22). What is the greatest common divisor of c and 1?
1
Let q(f) = -f + 7. Let n be q(5). Let k = -71 - -74. Calculate the highest common divisor of n and k.
1
Suppose 2*a - 5 - 3 = 0. Suppose -f = 4*v - 60, -v - 335 = -a*f + 2*v. Suppose z = 2 - 4, 0 = 2*m - z - f. What is the greatest common factor of m and 13?
13
Suppose 4*p - 105 = 63. Let o(v) = -6*v. Let c be o(-1). What is the greatest common factor of p and c?
6
Suppose -12 = -3*m - m. Suppose -m*g - 4*i = 7, 3*g + 2*i + 2 + 3 = 0. Let o be (-6)/(2*g/2). Calculate the highest common divisor of 24 and o.
6
Let c = -63 - -127. Calculate the highest common factor of 8 and c.
8
Let s = -60 - -86. What is the greatest common factor of s and 65?
13
Let g(j) = -4*j + 34. Let r be g(6). Calculate the highest common factor of 25 and r.
5
Let s = -101 - -173. What is the highest common factor of s and 8?
8
Let j be 105/12 - 2*9/24. What is the greatest common factor of 88 and j?
8
Suppose k + 155 = 3*m - k, 2*m = 4*k + 106. Suppose 0*z + z = 0. Let r be z + 18 + -1 + 0. Calculate the grea